ose -4*b + 5*h = -149, 0 = -2*h - 0*h - 2. Calculate the greatest common divisor of 12 and b.
12
Let j be 117/12 - (-12)/48. Calculate the greatest common factor of 10 and j.
10
Let t(b) = b**3 - 3*b**2 - 7*b + 1. Let g be t(5). Suppose 3*r = 2*r + g. What is the highest common divisor of r and 48?
16
Suppose 9*r - 4*r = 0. Let d = 8 - r. Let v be (-2)/d - 1227/(-12). What is the greatest common divisor of v and 17?
17
Let h be 2/6 - 1960/(-24). Suppose l - 3*v - h = 0, l - 5*l + 2*v = -358. Calculate the greatest common factor of 13 and l.
13
Let j(l) = -l**2 + 10*l + 9. Let u be j(9). What is the greatest common factor of 2 and u?
2
Let w = -17 - -31. What is the highest common divisor of w and 112?
14
Let a(k) = -2*k. Let h be a(-5). Suppose -7*p + 4*p + 75 = 0. What is the highest common factor of p and h?
5
Let o be (-324)/(-33) + 10/55. Calculate the greatest common divisor of 90 and o.
10
Let d be 1 + 1 - (-4 - -4). Let y be 1347/12 - d/8. Calculate the greatest common divisor of y and 14.
14
Suppose 0 = 4*x + d + 3*d - 812, 3*d = 4*x - 777. Let s be x/4 + (-2)/(-4). What is the greatest common factor of s and 20?
10
Let y(n) = 2*n**3 - 4*n**2 + 4*n - 2. Let p be y(3). Let t = -11 - -15. What is the highest common factor of p and t?
4
Let l(x) = -x**2 - 5*x + 2. Let w be l(-4). Calculate the highest common factor of w and 2.
2
Let k = -75 - -173. Calculate the greatest common factor of k and 14.
14
Let o be (-2)/2*0 + 2. Let m be o*(2/4 - 2). Let n be 7 + m*(-3)/9. Calculate the highest common divisor of n and 16.
8
Let f = -15 + 23. What is the greatest common factor of f and 16?
8
Suppose 2*f - 90 = -3*f. Suppose 0 = 3*o - m - 21, 0*o = 2*o - 4*m - 24. What is the greatest common divisor of o and f?
6
Let h(c) = 0*c**2 - 2*c + c**2 - 3*c + 3*c + 4. Let i be h(2). What is the highest common factor of 36 and i?
4
Let l be 8/(-12) + 1204/6. Suppose -4*n + 0*n = -l. Calculate the greatest common factor of n and 25.
25
Let z(c) = -7*c**3 - 2*c - 1. Let k(v) = 14*v**3 - v**2 + 3*v + 2. Let x(q) = 2*k(q) + 5*z(q). Let w be x(-3). What is the highest common factor of 26 and w?
26
Let y be -4 + (1 + 1)*1. Let q = 2 - y. Suppose q*a - 21 = 27. What is the highest common divisor of 12 and a?
12
Let o(a) = -a**3 + 8*a**2 - 8*a - 4. Let u be o(6). What is the highest common divisor of u and 20?
20
Let d = -98 + 296. Suppose 0*z = 2*z - d. What is the greatest common divisor of 11 and z?
11
Let q = 3 + -5. Let g be (8/(-6))/(q/39). What is the greatest common factor of g and 39?
13
Let m(q) = 5*q**3 + 2*q**2 - 3*q + 2. Let p be m(1). What is the highest common divisor of 12 and p?
6
Let o be ((-11)/22)/(1/(-324)). Let m be (1*3)/(3/18). Calculate the greatest common divisor of o and m.
18
Suppose -13 = -2*d + 3. Let i be -2*1 - -2 - 17. Let j = i + 41. Calculate the highest common factor of d and j.
8
Let c be (-1)/(21/(-9) - -2). Let j be (15/(-9))/((-2)/6). Suppose -2*z - 126 = -4*v, 5*v + z - 153 = j*z. Calculate the greatest common factor of v and c.
3
Let w(s) = 24*s - 28. Let u be w(5). Calculate the greatest common factor of 23 and u.
23
Suppose 7 = 5*l - 8. Calculate the greatest common factor of 21 and l.
3
Suppose 21*y - 494 = 829. Let o(r) = 8*r + 2. Let q be o(5). What is the greatest common factor of y and q?
21
Let j = -3 + 5. Suppose -4*c = 0, -2*c - 53 - 9 = -j*p. Let o = -12 + p. What is the highest common factor of o and 133?
19
Let l(t) = t**2 + 5. Let a be l(-4). Let i = -52 + 94. Calculate the greatest common factor of i and a.
21
Let k(n) = n**2 + 13*n - 10. Let w be k(-7). Let r = w - -124. Calculate the highest common factor of r and 8.
8
Let s = 32 + -19. Calculate the greatest common factor of 13 and s.
13
Let g = -193 + 313. Calculate the highest common divisor of 24 and g.
24
Suppose -2*h + 6 = 3*u - 6*h, -5*h + 10 = 5*u. Suppose -u*a = -a - 32. Let n = -16 + a. Calculate the greatest common factor of 112 and n.
16
Suppose 0 = 5*p + 4*v - 220, 4*v = 3*p + 5*v - 139. Suppose -q + 6*q - 60 = 0. What is the greatest common factor of q and p?
12
Let s be (-1725)/10*2/(-3). Calculate the greatest common factor of 69 and s.
23
Suppose -5*d = 14*d - 3705. What is the highest common divisor of d and 15?
15
Let i = 189 + -93. What is the greatest common divisor of 12 and i?
12
Let b = -14 + 16. Suppose -a = 3*a + b*n, n - 2 = -3*a. Calculate the greatest common factor of 18 and a.
2
Suppose -4 = 4*q, 3*q - 4*q - 41 = -5*k. What is the highest common divisor of k and 16?
8
Let l(g) = 3*g**2 - 3*g + 2. Let d be (-18)/(-8) - (-1)/(-4). Let t be l(d). What is the greatest common divisor of 88 and t?
8
Let z = -40 - -104. Calculate the greatest common divisor of z and 160.
32
Let v be (-6 + 3)*(-3 + (-54)/2). Suppose 8*a = 3*a + 50. Calculate the highest common divisor of a and v.
10
Let o(m) = -m**3 - 4*m**2 - 5*m - 4. Let t be o(-4). Suppose d + 44 = 2*d - p, -d + 5*p = -60. What is the highest common factor of d and t?
8
Suppose -3*g = -56 - 34. Suppose 4*z - g = 2. Let r(x) = 2*x**2 + 7*x + 2. Let o be r(-6). Calculate the greatest common factor of o and z.
8
Let o(a) = -3*a - 7. Let c be o(-7). Calculate the highest common factor of c and 35.
7
Suppose 5*z - 41 = 2*z + 5*b, 0 = 2*z + 4*b + 2. Calculate the highest common factor of 56 and z.
7
Let u(l) = -l - 6. Let s be u(-9). Let d(q) = -q + 0 - 12*q**3 - 1 - 3*q**s. Let o be d(-1). Calculate the greatest common divisor of 45 and o.
15
Suppose 585 = 5*h + 6*y - y, 0 = 5*h - 2*y - 599. Suppose -2*w + 54 = -5*v, -v - 12 = 2*w - 42. Calculate the highest common factor of w and h.
17
Let c(b) = b**2 - 10*b + 21. Let p be c(9). Let l be p + (0/2)/3. Calculate the highest common factor of l and 12.
12
Suppose 0 = 3*o + o + 60. Let p = 11 - o. Calculate the highest common divisor of 39 and p.
13
Let b be ((-3)/(-3))/(3/(-24)). Let c be 7/(-28) - 178/b. Suppose -17 + 6 = -r. Calculate the greatest common divisor of r and c.
11
Let c(m) = 101*m**3 + m - 1. Let f be c(1). Suppose -6*i + 431 - f = 0. Calculate the greatest common factor of 11 and i.
11
Let l(c) = 2*c**2 - c + 2. Let u(p) = -3*p**2 + p. Let h be u(1). Let r be l(h). Suppose 64 + 8 = 2*j. What is the greatest common divisor of j and r?
12
Let k = 5 - -12. What is the greatest common factor of 17 and k?
17
Let n = 33 + -17. Let t = -10 + n. Suppose t = b - 15. Calculate the highest common factor of 7 and b.
7
Suppose -3*q = -5*z - 6, 3*z + 1 = q - 1. Suppose 79 = q*s - 5. What is the highest common factor of s and 28?
14
Suppose 4*t - 4 + 16 = 0, -3*t = -2*w + 129. What is the highest common divisor of 40 and w?
20
Suppose -2*k + r = -4*k + 114, 0 = -4*r + 16. Let s be -1 - 22/(-14) - 155/(-35). What is the greatest common factor of s and k?
5
Let g = 17 + -5. Suppose 35 = 2*l - 25. Calculate the highest common factor of l and g.
6
Let o(c) = 2*c**2 + 5*c + 12. Let m be o(-10). Calculate the highest common divisor of 18 and m.
18
Suppose -2*z - 34 = -2*o, 3*o - 91 = -0*o - 5*z. Suppose n + 0*n - 13 = y, 0 = n - 4*y - o. What is the highest common factor of 10 and n?
10
Suppose -5*j = -3*r - 362, -8 - 4 = 3*r. Calculate the greatest common divisor of 14 and j.
14
Let t = 108 + -91. Suppose -2*d - 158 = -4*x + 48, -x + 53 = -2*d. Calculate the greatest common factor of t and x.
17
Suppose 5*m - 115 = -5. Let z(c) = 17*c - 46. Let l be z(4). What is the highest common divisor of m and l?
22
Let z(t) = 9 - t**2 - 3*t - t - t - 6*t. Let w be z(-8). Calculate the greatest common factor of 22 and w.
11
Suppose 2*b - 6*b + 16 = 0. Calculate the greatest common factor of 4 and b.
4
Suppose -i + 52 = 3*i. Calculate the highest common divisor of 104 and i.
13
Let u(i) = -i + 7. Let t be u(-2). Calculate the greatest common divisor of 9 and t.
9
Suppose 2*h + 75 = 7*h. Let r(i) = 10*i + 1. Let z be r(1). Let c = z - 5. Calculate the greatest common factor of h and c.
3
Suppose 4*y - 4*c = 92, 3*c = -y + 5*y - 88. Suppose 2*z - 105 = -t, -182 = -4*z - 5*t + y. What is the highest common factor of z and 18?
18
Let d(z) = -3*z**3 - z**2 + 2*z - 1. Let u be d(1). Let x = u + 6. What is the highest common factor of x and 9?
3
Let g be (-3)/7 + (-168)/(-49). Suppose -g*v + 229 = 61. Calculate the highest common divisor of 8 and v.
8
Let d